{"id":418,"date":"2026-02-21T19:56:57","date_gmt":"2026-02-21T19:56:57","guid":{"rendered":"http:\/\/festivaldumenhir.fr\/?page_id=418"},"modified":"2026-03-29T16:58:32","modified_gmt":"2026-03-29T16:58:32","slug":"billetterie","status":"publish","type":"page","link":"http:\/\/festivaldumenhir.fr\/index.php\/billetterie\/","title":{"rendered":"Billetterie"},"content":{"rendered":"\n<figure class=\"wp-block-image alignfull size-full\"><img loading=\"lazy\" decoding=\"async\" width=\"1792\" height=\"592\" src=\"http:\/\/festivaldumenhir.fr\/wp-content\/uploads\/2026\/03\/Baniere.png\" alt=\"\" class=\"wp-image-537\" srcset=\"http:\/\/festivaldumenhir.fr\/wp-content\/uploads\/2026\/03\/Baniere.png 1792w, http:\/\/festivaldumenhir.fr\/wp-content\/uploads\/2026\/03\/Baniere-300x99.png 300w, http:\/\/festivaldumenhir.fr\/wp-content\/uploads\/2026\/03\/Baniere-1024x338.png 1024w, http:\/\/festivaldumenhir.fr\/wp-content\/uploads\/2026\/03\/Baniere-768x254.png 768w, http:\/\/festivaldumenhir.fr\/wp-content\/uploads\/2026\/03\/Baniere-1536x507.png 1536w\" sizes=\"auto, (max-width: 1792px) 100vw, 1792px\" \/><\/figure>\n\n\n\n<h1 class=\"wp-block-heading has-text-align-center has-custom-texte-background-color has-background has-bebas-neue-font-family\" style=\"padding-top:var(--wp--preset--spacing--20);padding-right:var(--wp--preset--spacing--10);padding-bottom:var(--wp--preset--spacing--20);padding-left:var(--wp--preset--spacing--10);font-size:clamp(2.629rem, 2.629rem + ((1vw - 0.2rem) * 3.952), 5rem);\">R\u00e9servez votre billet<\/h1>\n\n\n\n<div class=\"wp-block-columns is-layout-flex wp-container-core-columns-is-layout-28f84493 wp-block-columns-is-layout-flex\">\n<div class=\"wp-block-column is-vertically-aligned-center is-layout-flow wp-block-column-is-layout-flow\" style=\"flex-basis:75%\">\n<p class=\"has-text-align-center\" style=\"font-size:clamp(0.929rem, 0.929rem + ((1vw - 0.2rem) * 0.785), 1.4rem);\">Vous avez entre 15 et 20 ans et un Pass Culture ? Prenez votre billet sur l&rsquo;application et faites b\u00e9n\u00e9ficier un proche du tarif r\u00e9duit !<\/p>\n<\/div>\n\n\n\n<div class=\"wp-block-column is-vertically-aligned-center is-layout-flow wp-block-column-is-layout-flow\" style=\"flex-basis:25%\">\n<figure class=\"wp-block-image aligncenter size-large is-resized\"><a href=\"https:\/\/passculture.app\/lieu\/156062\"><img loading=\"lazy\" decoding=\"async\" width=\"1024\" height=\"1024\" src=\"http:\/\/festivaldumenhir.fr\/wp-content\/uploads\/2026\/03\/logo-pass-culture-1-png-16162-1024x1024.png\" alt=\"\" class=\"wp-image-442\" style=\"width:100px\" srcset=\"http:\/\/festivaldumenhir.fr\/wp-content\/uploads\/2026\/03\/logo-pass-culture-1-png-16162-1024x1024.png 1024w, http:\/\/festivaldumenhir.fr\/wp-content\/uploads\/2026\/03\/logo-pass-culture-1-png-16162-300x300.png 300w, http:\/\/festivaldumenhir.fr\/wp-content\/uploads\/2026\/03\/logo-pass-culture-1-png-16162-150x150.png 150w, http:\/\/festivaldumenhir.fr\/wp-content\/uploads\/2026\/03\/logo-pass-culture-1-png-16162-768x768.png 768w, http:\/\/festivaldumenhir.fr\/wp-content\/uploads\/2026\/03\/logo-pass-culture-1-png-16162-1536x1536.png 1536w, http:\/\/festivaldumenhir.fr\/wp-content\/uploads\/2026\/03\/logo-pass-culture-1-png-16162.png 1983w\" sizes=\"auto, (max-width: 1024px) 100vw, 1024px\" \/><\/a><\/figure>\n<\/div>\n<\/div>\n\n\n\n<iframe id=\"haWidget\" allowtransparency=\"true\" scrolling=\"auto\" src=\"https:\/\/www.helloasso.com\/associations\/festival-du-menhir\/evenements\/festival-du-menhir\/widget\" style=\"width: 100%; height: 750px; border: none;\" onload=\"window.addEventListener('message', e => {const dataHeight = e.data.height; const haWidgetElement = document.getElementById(&lsquo;haWidget&rsquo;); haWidgetElement.height = dataHeight + &lsquo;px&rsquo;;})\u00a0\u00bb><\/iframe>\n","protected":false},"excerpt":{"rendered":"<p>R\u00e9servez votre billet Vous avez entre 15 et 20 ans et un Pass Culture ? Prenez votre billet sur l&rsquo;application et faites b\u00e9n\u00e9ficier un proche du tarif r\u00e9duit !<\/p>\n","protected":false},"author":1,"featured_media":0,"parent":0,"menu_order":0,"comment_status":"closed","ping_status":"closed","template":"page-no-title","meta":{"footnotes":""},"class_list":["post-418","page","type-page","status-publish","hentry"],"jetpack_sharing_enabled":true,"_links":{"self":[{"href":"http:\/\/festivaldumenhir.fr\/index.php\/wp-json\/wp\/v2\/pages\/418","targetHints":{"allow":["GET"]}}],"collection":[{"href":"http:\/\/festivaldumenhir.fr\/index.php\/wp-json\/wp\/v2\/pages"}],"about":[{"href":"http:\/\/festivaldumenhir.fr\/index.php\/wp-json\/wp\/v2\/types\/page"}],"author":[{"embeddable":true,"href":"http:\/\/festivaldumenhir.fr\/index.php\/wp-json\/wp\/v2\/users\/1"}],"replies":[{"embeddable":true,"href":"http:\/\/festivaldumenhir.fr\/index.php\/wp-json\/wp\/v2\/comments?post=418"}],"version-history":[{"count":6,"href":"http:\/\/festivaldumenhir.fr\/index.php\/wp-json\/wp\/v2\/pages\/418\/revisions"}],"predecessor-version":[{"id":546,"href":"http:\/\/festivaldumenhir.fr\/index.php\/wp-json\/wp\/v2\/pages\/418\/revisions\/546"}],"wp:attachment":[{"href":"http:\/\/festivaldumenhir.fr\/index.php\/wp-json\/wp\/v2\/media?parent=418"}],"curies":[{"name":"wp","href":"https:\/\/api.w.org\/{rel}","templated":true}]}}

<figure class="wp-block-image alignfull size-full"><img loading="lazy" decoding="async" width="1792" height="592" src="http://festivaldumenhir.fr/wp-content/uploads/2026/03/Baniere.png" alt="" class="wp-image-537" srcset="http://festivaldumenhir.fr/wp-content/uploads/2026/03/Baniere.png 1792w, http://festivaldumenhir.fr/wp-content/uploads/2026/03/Baniere-300x99.png 300w, http://festivaldumenhir.fr/wp-content/uploads/2026/03/Baniere-1024x338.png 1024w, http://festivaldumenhir.fr/wp-content/uploads/2026/03/Baniere-768x254.png 768w, http://festivaldumenhir.fr/wp-content/uploads/2026/03/Baniere-1536x507.png 1536w" sizes="auto, (max-width: 1792px) 100vw, 1792px" /></figure>



<h1 class="wp-block-heading has-text-align-center has-custom-texte-background-color has-background has-bebas-neue-font-family" style="padding-top:var(--wp--preset--spacing--20);padding-right:var(--wp--preset--spacing--10);padding-bottom:var(--wp--preset--spacing--20);padding-left:var(--wp--preset--spacing--10);font-size:clamp(2.629rem, 2.629rem + ((1vw - 0.2rem) * 3.952), 5rem);">Réservez votre billet</h1>



<div class="wp-block-columns is-layout-flex wp-container-core-columns-is-layout-28f84493 wp-block-columns-is-layout-flex">
<div class="wp-block-column is-vertically-aligned-center is-layout-flow wp-block-column-is-layout-flow" style="flex-basis:75%">
<p class="has-text-align-center" style="font-size:clamp(0.929rem, 0.929rem + ((1vw - 0.2rem) * 0.785), 1.4rem);">Vous avez entre 15 et 20 ans et un Pass Culture ? Prenez votre billet sur l&rsquo;application et faites bénéficier un proche du tarif réduit !</p>
</div>



<div class="wp-block-column is-vertically-aligned-center is-layout-flow wp-block-column-is-layout-flow" style="flex-basis:25%">
<figure class="wp-block-image aligncenter size-large is-resized"><a href="https://passculture.app/lieu/156062"><img loading="lazy" decoding="async" width="1024" height="1024" src="http://festivaldumenhir.fr/wp-content/uploads/2026/03/logo-pass-culture-1-png-16162-1024x1024.png" alt="" class="wp-image-442" style="width:100px" srcset="http://festivaldumenhir.fr/wp-content/uploads/2026/03/logo-pass-culture-1-png-16162-1024x1024.png 1024w, http://festivaldumenhir.fr/wp-content/uploads/2026/03/logo-pass-culture-1-png-16162-300x300.png 300w, http://festivaldumenhir.fr/wp-content/uploads/2026/03/logo-pass-culture-1-png-16162-150x150.png 150w, http://festivaldumenhir.fr/wp-content/uploads/2026/03/logo-pass-culture-1-png-16162-768x768.png 768w, http://festivaldumenhir.fr/wp-content/uploads/2026/03/logo-pass-culture-1-png-16162-1536x1536.png 1536w, http://festivaldumenhir.fr/wp-content/uploads/2026/03/logo-pass-culture-1-png-16162.png 1983w" sizes="auto, (max-width: 1024px) 100vw, 1024px" /></a></figure>
</div>
</div>



<iframe id="haWidget" allowtransparency="true" scrolling="auto" src="https://www.helloasso.com/associations/festival-du-menhir/evenements/festival-du-menhir/widget" style="width: 100%; height: 750px; border: none;" onload="window.addEventListener('message', e => {const dataHeight = e.data.height; const haWidgetElement = document.getElementById(&lsquo;haWidget&rsquo;); haWidgetElement.height = dataHeight + &lsquo;px&rsquo;;}) »></iframe>

<p>Réservez votre billet Vous avez entre 15 et 20 ans et un Pass Culture ? Prenez votre billet sur l&rsquo;application et faites bénéficier un proche du tarif réduit !</p>
