{"id":68,"date":"2025-12-03T11:51:39","date_gmt":"2025-12-03T11:51:39","guid":{"rendered":"http:\/\/festivaldumenhir.fr\/?page_id=68"},"modified":"2026-04-19T08:14:25","modified_gmt":"2026-04-19T08:14:25","slug":"page-daccueil","status":"publish","type":"page","link":"http:\/\/festivaldumenhir.fr\/","title":{"rendered":"Page d&rsquo;accueil"},"content":{"rendered":"\n<h2 class=\"wp-block-heading has-text-align-center is-style-default has-contrast-color has-custom-texte-background-color has-text-color has-background has-link-color has-bebas-neue-font-family wp-elements-cb5d1aad99fa1ab732ca47b9efe66c09\" style=\"padding-top:var(--wp--preset--spacing--30);padding-right:var(--wp--preset--spacing--10);padding-bottom:0;padding-left:var(--wp--preset--spacing--10);font-size:clamp(2.629rem, 2.629rem + ((1vw - 0.2rem) * 3.952), 5rem);\">L&rsquo;AVENTURE CONTINUE EN 2026 !<\/h2>\n\n\n\n<p class=\"has-text-align-center has-contrast-color has-custom-texte-background-color has-text-color has-background has-link-color has-poppins-font-family wp-elements-de167719109c5daff5fbd7372a44f83a\" style=\"padding-top:0;padding-bottom:0\"><strong>Rendez-vous le 11 juillet pour la prochaine \u00e9dition \u00e0 Saint-Aubin-des-Ch\u00e2teaux<\/strong><\/p>\n\n\n\n<div class=\"wp-block-buttons has-custom-texte-background-color has-background is-content-justification-center is-layout-flex wp-container-core-buttons-is-layout-3493f261 wp-block-buttons-is-layout-flex\" style=\"padding-top:var(--wp--preset--spacing--20);padding-bottom:var(--wp--preset--spacing--30)\">\n<div class=\"wp-block-button\"><a class=\"wp-block-button__link has-custom-fond-color has-custom-entourage-background-color has-text-color has-background has-link-color wp-element-button\" href=\"https:\/\/festivaldumenhir.fr\/index.php\/programmation\/\"><strong>Programme<\/strong><\/a><\/div>\n\n\n\n<div class=\"wp-block-button\"><a class=\"wp-block-button__link has-custom-fond-color has-custom-entourage-background-color has-text-color has-background has-link-color wp-element-button\" href=\"http:\/\/festivaldumenhir.fr\/index.php\/billetterie\/\"><strong>Achetez votre billet !<\/strong><\/a><\/div>\n<\/div>\n\n\n\n<p class=\"has-custom-fond-background-color has-background\">p<\/p>\n\n\n\n<div class=\"wp-block-columns has-custom-fond-background-color has-background is-layout-flex wp-container-core-columns-is-layout-98325954 wp-block-columns-is-layout-flex\" style=\"margin-bottom:0;padding-top:0\">\n<div class=\"wp-block-column has-custom-fond-background-color has-background is-layout-flow wp-block-column-is-layout-flow\" style=\"flex-basis:33.34%\">\n<h2 class=\"wp-block-heading has-text-align-center has-contrast-color has-custom-menhir-background-color has-text-color has-background has-link-color has-bebas-neue-font-family wp-elements-9e23524e7f333cee92649023bb66d7c2\" style=\"margin-top:0;margin-right:var(--wp--preset--spacing--20);margin-left:var(--wp--preset--spacing--30);padding-top:var(--wp--preset--spacing--20);padding-right:var(--wp--preset--spacing--20);padding-bottom:var(--wp--preset--spacing--20);padding-left:var(--wp--preset--spacing--20)\"><a href=\"https:\/\/festivaldumenhir.fr\/index.php\/infos-pratiques\/historique\/\" data-type=\"page\" data-id=\"137\">Le Festival du menhir ?<\/a><\/h2>\n<\/div>\n\n\n\n<div class=\"wp-block-column is-layout-flow wp-block-column-is-layout-flow\" style=\"flex-basis:33.34%\">\n<h2 class=\"wp-block-heading has-text-align-center has-contrast-color has-custom-menhir-background-color has-text-color has-background has-link-color has-bebas-neue-font-family wp-elements-e2829d3da2996157867bab6130d4360c\" style=\"margin-top:0;margin-right:var(--wp--preset--spacing--20);margin-left:var(--wp--preset--spacing--30);padding-top:var(--wp--preset--spacing--20);padding-right:var(--wp--preset--spacing--20);padding-bottom:var(--wp--preset--spacing--20);padding-left:var(--wp--preset--spacing--20)\"><a href=\"https:\/\/festivaldumenhir.fr\/index.php\/infos-pratiques\/\" data-type=\"page\" data-id=\"109\">COMMENT VENIR ?<\/a><\/h2>\n<\/div>\n\n\n\n<div class=\"wp-block-column is-layout-flow wp-block-column-is-layout-flow\" style=\"flex-basis:33.33%\">\n<h2 class=\"wp-block-heading has-text-align-center has-contrast-color has-custom-menhir-background-color has-text-color has-background has-link-color has-bebas-neue-font-family wp-elements-01fdf62796fa1e3f52789636f1163fcc\" style=\"margin-top:0;margin-right:var(--wp--preset--spacing--20);margin-bottom:0;margin-left:var(--wp--preset--spacing--30);padding-top:var(--wp--preset--spacing--20);padding-right:var(--wp--preset--spacing--20);padding-bottom:var(--wp--preset--spacing--20);padding-left:var(--wp--preset--spacing--20)\"><a href=\"https:\/\/festivaldumenhir.fr\/index.php\/infos-pratiques\/equipe\/\" data-type=\"page\" data-id=\"100\">Rejoindre l&rsquo;aventure !<\/a><\/h2>\n<\/div>\n<\/div>\n\n\n\n<p class=\"has-custom-fond-background-color has-background\" style=\"padding-top:var(--wp--preset--spacing--10);padding-right:0;padding-bottom:var(--wp--preset--spacing--10);padding-left:0\"><\/p>\n\n\n\n<div class=\"wp-block-group is-layout-grid wp-container-core-group-is-layout-0d7989b9 wp-block-group-is-layout-grid\" style=\"padding-top:var(--wp--preset--spacing--10);padding-right:0;padding-bottom:var(--wp--preset--spacing--30);padding-left:var(--wp--preset--spacing--10)\">\n<div class=\"wp-block-group has-global-padding is-content-justification-right is-layout-constrained wp-container-core-group-is-layout-f1f2ed93 wp-block-group-is-layout-constrained\"><div class=\"aligncenter wp-block-site-logo wp-container-content-69bc4bdf\"><a href=\"http:\/\/festivaldumenhir.fr\/\" class=\"custom-logo-link\" rel=\"home\"><img loading=\"lazy\" decoding=\"async\" width=\"104\" height=\"89\" src=\"http:\/\/festivaldumenhir.fr\/wp-content\/uploads\/2025\/11\/IMG-20251115-WA0004-removebg-preview.png\" class=\"custom-logo\" alt=\"Festival du Menhir\" srcset=\"http:\/\/festivaldumenhir.fr\/wp-content\/uploads\/2025\/11\/IMG-20251115-WA0004-removebg-preview.png 500w, http:\/\/festivaldumenhir.fr\/wp-content\/uploads\/2025\/11\/IMG-20251115-WA0004-removebg-preview-300x259.png 300w\" sizes=\"auto, (max-width: 104px) 100vw, 104px\" \/><\/a><\/div><\/div>\n\n\n\n<p class=\"has-text-align-center has-small-font-size\" style=\"padding-top:var(--wp--preset--spacing--20);padding-right:0;padding-bottom:0;padding-left:var(--wp--preset--spacing--30)\">Festival du Menhir <br>44110 Saint-Aubin-des-Ch\u00e2teaux<\/p>\n\n\n\n<p class=\"has-text-align-center has-small-font-size wp-container-content-50b6c326\" style=\"margin-top:var(--wp--preset--spacing--20);margin-right:var(--wp--preset--spacing--30);margin-left:var(--wp--preset--spacing--30)\"><a href=\"https:\/\/festivaldumenhir.fr\/index.php\/2025\/12\/03\/mentions-legales\/\" data-type=\"post\" data-id=\"208\">Mentions l\u00e9gales <\/a><br><a href=\"https:\/\/festivaldumenhir.fr\/index.php\/2025\/12\/03\/cgv\/\" data-type=\"post\" data-id=\"227\">CGV<\/a><\/p>\n\n\n\n<div class=\"wp-block-columns are-vertically-aligned-center is-not-stacked-on-mobile wp-container-content-7fd912ad is-layout-flex wp-container-core-columns-is-layout-28f84493 wp-block-columns-is-layout-flex\">\n<div class=\"wp-block-column is-vertically-aligned-center is-layout-flow wp-block-column-is-layout-flow\">\n<figure class=\"wp-block-image aligncenter size-large is-resized\"><a href=\"https:\/\/www.instagram.com\/festivaldumenhir\/\"><img loading=\"lazy\" decoding=\"async\" width=\"1024\" height=\"768\" src=\"http:\/\/festivaldumenhir.fr\/wp-content\/uploads\/2025\/11\/Instagram-logo-roundet-jedesf-1024x768.png\" alt=\"\" class=\"wp-image-19\" style=\"aspect-ratio:1;object-fit:cover;width:40px\" srcset=\"http:\/\/festivaldumenhir.fr\/wp-content\/uploads\/2025\/11\/Instagram-logo-roundet-jedesf-1024x768.png 1024w, http:\/\/festivaldumenhir.fr\/wp-content\/uploads\/2025\/11\/Instagram-logo-roundet-jedesf-300x225.png 300w, http:\/\/festivaldumenhir.fr\/wp-content\/uploads\/2025\/11\/Instagram-logo-roundet-jedesf-768x576.png 768w, http:\/\/festivaldumenhir.fr\/wp-content\/uploads\/2025\/11\/Instagram-logo-roundet-jedesf-1536x1152.png 1536w, http:\/\/festivaldumenhir.fr\/wp-content\/uploads\/2025\/11\/Instagram-logo-roundet-jedesf.png 1600w\" sizes=\"auto, (max-width: 1024px) 100vw, 1024px\" \/><\/a><\/figure>\n<\/div>\n\n\n\n<div class=\"wp-block-column is-vertically-aligned-center is-layout-flow wp-block-column-is-layout-flow\" style=\"padding-top:0;padding-right:0;padding-bottom:0;padding-left:0\">\n<figure class=\"wp-block-image aligncenter size-large is-resized\" style=\"margin-top:0;margin-right:0;margin-bottom:0\"><a href=\"https:\/\/www.facebook.com\/profile.php?id=61585001060938\"><img loading=\"lazy\" decoding=\"async\" width=\"1024\" height=\"1024\" src=\"http:\/\/festivaldumenhir.fr\/wp-content\/uploads\/2025\/11\/facebook-logo-1024x1024.png\" alt=\"\" class=\"wp-image-280\" style=\"aspect-ratio:1;object-fit:cover;width:40px\" srcset=\"http:\/\/festivaldumenhir.fr\/wp-content\/uploads\/2025\/11\/facebook-logo-1024x1024.png 1024w, http:\/\/festivaldumenhir.fr\/wp-content\/uploads\/2025\/11\/facebook-logo-300x300.png 300w, http:\/\/festivaldumenhir.fr\/wp-content\/uploads\/2025\/11\/facebook-logo-150x150.png 150w, http:\/\/festivaldumenhir.fr\/wp-content\/uploads\/2025\/11\/facebook-logo-768x768.png 768w, http:\/\/festivaldumenhir.fr\/wp-content\/uploads\/2025\/11\/facebook-logo-1536x1536.png 1536w, http:\/\/festivaldumenhir.fr\/wp-content\/uploads\/2025\/11\/facebook-logo.png 2000w\" sizes=\"auto, (max-width: 1024px) 100vw, 1024px\" \/><\/a><\/figure>\n<\/div>\n\n\n\n<div class=\"wp-block-column is-vertically-aligned-center is-layout-flow wp-block-column-is-layout-flow\">\n<figure class=\"wp-block-image aligncenter size-large is-resized\"><a href=\"https:\/\/www.tiktok.com\/@festival.du.menhi\"><img loading=\"lazy\" decoding=\"async\" width=\"1024\" height=\"1024\" src=\"http:\/\/festivaldumenhir.fr\/wp-content\/uploads\/2026\/03\/8e41c3c7e067bf63c317ba7b0d6ce441-1024x1024.png\" alt=\"\" class=\"wp-image-434\" style=\"width:40px\" srcset=\"http:\/\/festivaldumenhir.fr\/wp-content\/uploads\/2026\/03\/8e41c3c7e067bf63c317ba7b0d6ce441-1024x1024.png 1024w, http:\/\/festivaldumenhir.fr\/wp-content\/uploads\/2026\/03\/8e41c3c7e067bf63c317ba7b0d6ce441-300x300.png 300w, http:\/\/festivaldumenhir.fr\/wp-content\/uploads\/2026\/03\/8e41c3c7e067bf63c317ba7b0d6ce441-150x150.png 150w, http:\/\/festivaldumenhir.fr\/wp-content\/uploads\/2026\/03\/8e41c3c7e067bf63c317ba7b0d6ce441-768x768.png 768w, http:\/\/festivaldumenhir.fr\/wp-content\/uploads\/2026\/03\/8e41c3c7e067bf63c317ba7b0d6ce441.png 1080w\" sizes=\"auto, (max-width: 1024px) 100vw, 1024px\" \/><\/a><\/figure>\n<\/div>\n\n\n\n<div class=\"wp-block-column is-layout-flow wp-block-column-is-layout-flow\" style=\"padding-top:var(--wp--preset--spacing--30);padding-bottom:var(--wp--preset--spacing--30)\">\n<figure class=\"wp-block-image size-large is-resized\"><a href=\"https:\/\/www.linkedin.com\/company\/festival-du-menhir\/\"><img loading=\"lazy\" decoding=\"async\" width=\"1024\" height=\"1024\" src=\"http:\/\/festivaldumenhir.fr\/wp-content\/uploads\/2025\/11\/linkedIn_PNG27-1024x1024.png\" alt=\"\" class=\"wp-image-277\" style=\"width:40px\" srcset=\"http:\/\/festivaldumenhir.fr\/wp-content\/uploads\/2025\/11\/linkedIn_PNG27-1024x1024.png 1024w, http:\/\/festivaldumenhir.fr\/wp-content\/uploads\/2025\/11\/linkedIn_PNG27-300x300.png 300w, http:\/\/festivaldumenhir.fr\/wp-content\/uploads\/2025\/11\/linkedIn_PNG27-150x150.png 150w, http:\/\/festivaldumenhir.fr\/wp-content\/uploads\/2025\/11\/linkedIn_PNG27-768x768.png 768w, http:\/\/festivaldumenhir.fr\/wp-content\/uploads\/2025\/11\/linkedIn_PNG27-1536x1536.png 1536w, http:\/\/festivaldumenhir.fr\/wp-content\/uploads\/2025\/11\/linkedIn_PNG27-2048x2048.png 2048w\" sizes=\"auto, (max-width: 1024px) 100vw, 1024px\" \/><\/a><\/figure>\n<\/div>\n<\/div>\n<\/div>\n","protected":false},"excerpt":{"rendered":"<p>L&rsquo;AVENTURE CONTINUE EN 2026 ! Rendez-vous le 11 juillet pour la prochaine \u00e9dition \u00e0 Saint-Aubin-des-Ch\u00e2teaux p Le Festival du menhir ? COMMENT VENIR ? Rejoindre l&rsquo;aventure !<\/p>\n","protected":false},"author":1,"featured_media":0,"parent":0,"menu_order":0,"comment_status":"closed","ping_status":"closed","template":"page-daccueil","meta":{"footnotes":""},"class_list":["post-68","page","type-page","status-publish","hentry"],"jetpack_sharing_enabled":true,"_links":{"self":[{"href":"http:\/\/festivaldumenhir.fr\/index.php\/wp-json\/wp\/v2\/pages\/68","targetHints":{"allow":["GET"]}}],"collection":[{"href":"http:\/\/festivaldumenhir.fr\/index.php\/wp-json\/wp\/v2\/pages"}],"about":[{"href":"http:\/\/festivaldumenhir.fr\/index.php\/wp-json\/wp\/v2\/types\/page"}],"author":[{"embeddable":true,"href":"http:\/\/festivaldumenhir.fr\/index.php\/wp-json\/wp\/v2\/users\/1"}],"replies":[{"embeddable":true,"href":"http:\/\/festivaldumenhir.fr\/index.php\/wp-json\/wp\/v2\/comments?post=68"}],"version-history":[{"count":35,"href":"http:\/\/festivaldumenhir.fr\/index.php\/wp-json\/wp\/v2\/pages\/68\/revisions"}],"predecessor-version":[{"id":562,"href":"http:\/\/festivaldumenhir.fr\/index.php\/wp-json\/wp\/v2\/pages\/68\/revisions\/562"}],"wp:attachment":[{"href":"http:\/\/festivaldumenhir.fr\/index.php\/wp-json\/wp\/v2\/media?parent=68"}],"curies":[{"name":"wp","href":"https:\/\/api.w.org\/{rel}","templated":true}]}}

<h2 class="wp-block-heading has-text-align-center is-style-default has-contrast-color has-custom-texte-background-color has-text-color has-background has-link-color has-bebas-neue-font-family wp-elements-cb5d1aad99fa1ab732ca47b9efe66c09" style="padding-top:var(--wp--preset--spacing--30);padding-right:var(--wp--preset--spacing--10);padding-bottom:0;padding-left:var(--wp--preset--spacing--10);font-size:clamp(2.629rem, 2.629rem + ((1vw - 0.2rem) * 3.952), 5rem);">L&rsquo;AVENTURE CONTINUE EN 2026 !</h2>



<p class="has-text-align-center has-contrast-color has-custom-texte-background-color has-text-color has-background has-link-color has-poppins-font-family wp-elements-de167719109c5daff5fbd7372a44f83a" style="padding-top:0;padding-bottom:0"><strong>Rendez-vous le 11 juillet pour la prochaine édition à Saint-Aubin-des-Châteaux</strong></p>



<div class="wp-block-buttons has-custom-texte-background-color has-background is-content-justification-center is-layout-flex wp-container-core-buttons-is-layout-3493f261 wp-block-buttons-is-layout-flex" style="padding-top:var(--wp--preset--spacing--20);padding-bottom:var(--wp--preset--spacing--30)">
<div class="wp-block-button"><a class="wp-block-button__link has-custom-fond-color has-custom-entourage-background-color has-text-color has-background has-link-color wp-element-button" href="https://festivaldumenhir.fr/index.php/programmation/"><strong>Programme</strong></a></div>



<div class="wp-block-button"><a class="wp-block-button__link has-custom-fond-color has-custom-entourage-background-color has-text-color has-background has-link-color wp-element-button" href="http://festivaldumenhir.fr/index.php/billetterie/"><strong>Achetez votre billet !</strong></a></div>
</div>



<p class="has-custom-fond-background-color has-background">p</p>



<div class="wp-block-columns has-custom-fond-background-color has-background is-layout-flex wp-container-core-columns-is-layout-98325954 wp-block-columns-is-layout-flex" style="margin-bottom:0;padding-top:0">
<div class="wp-block-column has-custom-fond-background-color has-background is-layout-flow wp-block-column-is-layout-flow" style="flex-basis:33.34%">
<h2 class="wp-block-heading has-text-align-center has-contrast-color has-custom-menhir-background-color has-text-color has-background has-link-color has-bebas-neue-font-family wp-elements-9e23524e7f333cee92649023bb66d7c2" style="margin-top:0;margin-right:var(--wp--preset--spacing--20);margin-left:var(--wp--preset--spacing--30);padding-top:var(--wp--preset--spacing--20);padding-right:var(--wp--preset--spacing--20);padding-bottom:var(--wp--preset--spacing--20);padding-left:var(--wp--preset--spacing--20)"><a href="https://festivaldumenhir.fr/index.php/infos-pratiques/historique/" data-type="page" data-id="137">Le Festival du menhir ?</a></h2>
</div>



<div class="wp-block-column is-layout-flow wp-block-column-is-layout-flow" style="flex-basis:33.34%">
<h2 class="wp-block-heading has-text-align-center has-contrast-color has-custom-menhir-background-color has-text-color has-background has-link-color has-bebas-neue-font-family wp-elements-e2829d3da2996157867bab6130d4360c" style="margin-top:0;margin-right:var(--wp--preset--spacing--20);margin-left:var(--wp--preset--spacing--30);padding-top:var(--wp--preset--spacing--20);padding-right:var(--wp--preset--spacing--20);padding-bottom:var(--wp--preset--spacing--20);padding-left:var(--wp--preset--spacing--20)"><a href="https://festivaldumenhir.fr/index.php/infos-pratiques/" data-type="page" data-id="109">COMMENT VENIR ?</a></h2>
</div>



<div class="wp-block-column is-layout-flow wp-block-column-is-layout-flow" style="flex-basis:33.33%">
<h2 class="wp-block-heading has-text-align-center has-contrast-color has-custom-menhir-background-color has-text-color has-background has-link-color has-bebas-neue-font-family wp-elements-01fdf62796fa1e3f52789636f1163fcc" style="margin-top:0;margin-right:var(--wp--preset--spacing--20);margin-bottom:0;margin-left:var(--wp--preset--spacing--30);padding-top:var(--wp--preset--spacing--20);padding-right:var(--wp--preset--spacing--20);padding-bottom:var(--wp--preset--spacing--20);padding-left:var(--wp--preset--spacing--20)"><a href="https://festivaldumenhir.fr/index.php/infos-pratiques/equipe/" data-type="page" data-id="100">Rejoindre l&rsquo;aventure !</a></h2>
</div>
</div>



<p class="has-custom-fond-background-color has-background" style="padding-top:var(--wp--preset--spacing--10);padding-right:0;padding-bottom:var(--wp--preset--spacing--10);padding-left:0"></p>



<div class="wp-block-group is-layout-grid wp-container-core-group-is-layout-0d7989b9 wp-block-group-is-layout-grid" style="padding-top:var(--wp--preset--spacing--10);padding-right:0;padding-bottom:var(--wp--preset--spacing--30);padding-left:var(--wp--preset--spacing--10)">
<div class="wp-block-group has-global-padding is-content-justification-right is-layout-constrained wp-container-core-group-is-layout-f1f2ed93 wp-block-group-is-layout-constrained"><div class="aligncenter wp-block-site-logo wp-container-content-69bc4bdf"><a href="http://festivaldumenhir.fr/" class="custom-logo-link" rel="home"><img loading="lazy" decoding="async" width="104" height="89" src="http://festivaldumenhir.fr/wp-content/uploads/2025/11/IMG-20251115-WA0004-removebg-preview.png" class="custom-logo" alt="Festival du Menhir" srcset="http://festivaldumenhir.fr/wp-content/uploads/2025/11/IMG-20251115-WA0004-removebg-preview.png 500w, http://festivaldumenhir.fr/wp-content/uploads/2025/11/IMG-20251115-WA0004-removebg-preview-300x259.png 300w" sizes="auto, (max-width: 104px) 100vw, 104px" /></a></div></div>



<p class="has-text-align-center has-small-font-size" style="padding-top:var(--wp--preset--spacing--20);padding-right:0;padding-bottom:0;padding-left:var(--wp--preset--spacing--30)">Festival du Menhir <br>44110 Saint-Aubin-des-Châteaux</p>



<p class="has-text-align-center has-small-font-size wp-container-content-50b6c326" style="margin-top:var(--wp--preset--spacing--20);margin-right:var(--wp--preset--spacing--30);margin-left:var(--wp--preset--spacing--30)"><a href="https://festivaldumenhir.fr/index.php/2025/12/03/mentions-legales/" data-type="post" data-id="208">Mentions légales </a><br><a href="https://festivaldumenhir.fr/index.php/2025/12/03/cgv/" data-type="post" data-id="227">CGV</a></p>



<div class="wp-block-columns are-vertically-aligned-center is-not-stacked-on-mobile wp-container-content-7fd912ad is-layout-flex wp-container-core-columns-is-layout-28f84493 wp-block-columns-is-layout-flex">
<div class="wp-block-column is-vertically-aligned-center is-layout-flow wp-block-column-is-layout-flow">
<figure class="wp-block-image aligncenter size-large is-resized"><a href="https://www.instagram.com/festivaldumenhir/"><img loading="lazy" decoding="async" width="1024" height="768" src="http://festivaldumenhir.fr/wp-content/uploads/2025/11/Instagram-logo-roundet-jedesf-1024x768.png" alt="" class="wp-image-19" style="aspect-ratio:1;object-fit:cover;width:40px" srcset="http://festivaldumenhir.fr/wp-content/uploads/2025/11/Instagram-logo-roundet-jedesf-1024x768.png 1024w, http://festivaldumenhir.fr/wp-content/uploads/2025/11/Instagram-logo-roundet-jedesf-300x225.png 300w, http://festivaldumenhir.fr/wp-content/uploads/2025/11/Instagram-logo-roundet-jedesf-768x576.png 768w, http://festivaldumenhir.fr/wp-content/uploads/2025/11/Instagram-logo-roundet-jedesf-1536x1152.png 1536w, http://festivaldumenhir.fr/wp-content/uploads/2025/11/Instagram-logo-roundet-jedesf.png 1600w" sizes="auto, (max-width: 1024px) 100vw, 1024px" /></a></figure>
</div>



<div class="wp-block-column is-vertically-aligned-center is-layout-flow wp-block-column-is-layout-flow" style="padding-top:0;padding-right:0;padding-bottom:0;padding-left:0">
<figure class="wp-block-image aligncenter size-large is-resized" style="margin-top:0;margin-right:0;margin-bottom:0"><a href="https://www.facebook.com/profile.php?id=61585001060938"><img loading="lazy" decoding="async" width="1024" height="1024" src="http://festivaldumenhir.fr/wp-content/uploads/2025/11/facebook-logo-1024x1024.png" alt="" class="wp-image-280" style="aspect-ratio:1;object-fit:cover;width:40px" srcset="http://festivaldumenhir.fr/wp-content/uploads/2025/11/facebook-logo-1024x1024.png 1024w, http://festivaldumenhir.fr/wp-content/uploads/2025/11/facebook-logo-300x300.png 300w, http://festivaldumenhir.fr/wp-content/uploads/2025/11/facebook-logo-150x150.png 150w, http://festivaldumenhir.fr/wp-content/uploads/2025/11/facebook-logo-768x768.png 768w, http://festivaldumenhir.fr/wp-content/uploads/2025/11/facebook-logo-1536x1536.png 1536w, http://festivaldumenhir.fr/wp-content/uploads/2025/11/facebook-logo.png 2000w" sizes="auto, (max-width: 1024px) 100vw, 1024px" /></a></figure>
</div>



<div class="wp-block-column is-vertically-aligned-center is-layout-flow wp-block-column-is-layout-flow">
<figure class="wp-block-image aligncenter size-large is-resized"><a href="https://www.tiktok.com/@festival.du.menhi"><img loading="lazy" decoding="async" width="1024" height="1024" src="http://festivaldumenhir.fr/wp-content/uploads/2026/03/8e41c3c7e067bf63c317ba7b0d6ce441-1024x1024.png" alt="" class="wp-image-434" style="width:40px" srcset="http://festivaldumenhir.fr/wp-content/uploads/2026/03/8e41c3c7e067bf63c317ba7b0d6ce441-1024x1024.png 1024w, http://festivaldumenhir.fr/wp-content/uploads/2026/03/8e41c3c7e067bf63c317ba7b0d6ce441-300x300.png 300w, http://festivaldumenhir.fr/wp-content/uploads/2026/03/8e41c3c7e067bf63c317ba7b0d6ce441-150x150.png 150w, http://festivaldumenhir.fr/wp-content/uploads/2026/03/8e41c3c7e067bf63c317ba7b0d6ce441-768x768.png 768w, http://festivaldumenhir.fr/wp-content/uploads/2026/03/8e41c3c7e067bf63c317ba7b0d6ce441.png 1080w" sizes="auto, (max-width: 1024px) 100vw, 1024px" /></a></figure>
</div>



<div class="wp-block-column is-layout-flow wp-block-column-is-layout-flow" style="padding-top:var(--wp--preset--spacing--30);padding-bottom:var(--wp--preset--spacing--30)">
<figure class="wp-block-image size-large is-resized"><a href="https://www.linkedin.com/company/festival-du-menhir/"><img loading="lazy" decoding="async" width="1024" height="1024" src="http://festivaldumenhir.fr/wp-content/uploads/2025/11/linkedIn_PNG27-1024x1024.png" alt="" class="wp-image-277" style="width:40px" srcset="http://festivaldumenhir.fr/wp-content/uploads/2025/11/linkedIn_PNG27-1024x1024.png 1024w, http://festivaldumenhir.fr/wp-content/uploads/2025/11/linkedIn_PNG27-300x300.png 300w, http://festivaldumenhir.fr/wp-content/uploads/2025/11/linkedIn_PNG27-150x150.png 150w, http://festivaldumenhir.fr/wp-content/uploads/2025/11/linkedIn_PNG27-768x768.png 768w, http://festivaldumenhir.fr/wp-content/uploads/2025/11/linkedIn_PNG27-1536x1536.png 1536w, http://festivaldumenhir.fr/wp-content/uploads/2025/11/linkedIn_PNG27-2048x2048.png 2048w" sizes="auto, (max-width: 1024px) 100vw, 1024px" /></a></figure>
</div>
</div>
</div>

<p>L&rsquo;AVENTURE CONTINUE EN 2026 ! Rendez-vous le 11 juillet pour la prochaine édition à Saint-Aubin-des-Châteaux p Le Festival du menhir ? COMMENT VENIR ? Rejoindre l&rsquo;aventure !</p>
