{"id":100,"date":"2025-12-03T21:23:39","date_gmt":"2025-12-03T21:23:39","guid":{"rendered":"http:\/\/festivaldumenhir.fr\/?page_id=100"},"modified":"2026-04-05T13:29:51","modified_gmt":"2026-04-05T13:29:51","slug":"equipe","status":"publish","type":"page","link":"https:\/\/festivaldumenhir.fr\/index.php\/infos-pratiques\/equipe\/","title":{"rendered":"Equipe"},"content":{"rendered":"\n<h1 class=\"wp-block-heading has-text-align-center has-custom-texte-background-color has-background\" style=\"padding-top:var(--wp--preset--spacing--10);padding-right:var(--wp--preset--spacing--20);padding-bottom:0;padding-left:var(--wp--preset--spacing--20);font-size:clamp(2.629rem, 2.629rem + ((1vw - 0.2rem) * 3.952), 5rem);\">L&rsquo;\u00e9quipe<\/h1>\n\n\n\n<p class=\"has-text-align-center has-custom-texte-background-color has-background\" style=\"padding-top:0\">L&rsquo;Aventure Humaine derri\u00e8re l&rsquo;\u00c9v\u00e9nement !<\/p>\n\n\n\n<div class=\"wp-block-columns alignfull has-custom-fond-background-color has-background is-layout-flex wp-container-core-columns-is-layout-28f84493 wp-block-columns-is-layout-flex\">\n<div class=\"wp-block-column is-vertically-aligned-center has-custom-fond-background-color has-background is-layout-flow wp-block-column-is-layout-flow\" style=\"flex-basis:50%\">\n<p class=\"has-text-align-center has-custom-entourage-color has-custom-fond-background-color has-text-color has-background has-link-color wp-elements-f214e45012db51c5e5ee976cc33cefbc\" style=\"margin-top:var(--wp--preset--spacing--10);margin-right:var(--wp--preset--spacing--10);margin-bottom:var(--wp--preset--spacing--10);margin-left:var(--wp--preset--spacing--10);padding-top:0;padding-right:0;padding-bottom:0;padding-left:0\">Le Festival du Menhir, c&rsquo;est avant tout une histoire de passionn\u00e9s, et ce, depuis 2006 ! De la programmation \u00e0 la s\u00e9curit\u00e9, du montage au service, des dizaines de b\u00e9n\u00e9voles et de passionn\u00e9s \u0153uvrent ensemble pour faire de chaque \u00e9dition un moment inoubliable. D\u00e9couvrez ceux qui font vibrer le festival.<\/p>\n<\/div>\n\n\n\n<div class=\"wp-block-column has-custom-fond-background-color has-background is-layout-flow wp-block-column-is-layout-flow\" style=\"flex-basis:50%\">\n<figure class=\"wp-block-image size-full\" style=\"margin-top:var(--wp--preset--spacing--20);margin-right:var(--wp--preset--spacing--10);margin-bottom:var(--wp--preset--spacing--20);margin-left:var(--wp--preset--spacing--10)\"><img loading=\"lazy\" decoding=\"async\" width=\"2560\" height=\"1706\" src=\"http:\/\/festivaldumenhir.fr\/wp-content\/uploads\/2026\/01\/ret_30A8912-scaled.png\" alt=\"\" class=\"wp-image-399\" srcset=\"https:\/\/festivaldumenhir.fr\/wp-content\/uploads\/2026\/01\/ret_30A8912-scaled.png 2560w, https:\/\/festivaldumenhir.fr\/wp-content\/uploads\/2026\/01\/ret_30A8912-300x200.png 300w, https:\/\/festivaldumenhir.fr\/wp-content\/uploads\/2026\/01\/ret_30A8912-1024x682.png 1024w, https:\/\/festivaldumenhir.fr\/wp-content\/uploads\/2026\/01\/ret_30A8912-768x512.png 768w, https:\/\/festivaldumenhir.fr\/wp-content\/uploads\/2026\/01\/ret_30A8912-1536x1024.png 1536w, https:\/\/festivaldumenhir.fr\/wp-content\/uploads\/2026\/01\/ret_30A8912-2048x1365.png 2048w\" sizes=\"auto, (max-width: 2560px) 100vw, 2560px\" \/><figcaption class=\"wp-element-caption\">L&rsquo;\u00e9quipe du Festival du Menhir ! De gauche \u00e0 droite : M\u00e9lanie, Nicolas, Maxime, R\u00e9mi, C\u00e9leste, Beno\u00eet, et on n&rsquo;oublie pas nos deux absents : Alexandre et Thierry.<\/figcaption><\/figure>\n<\/div>\n<\/div>\n\n\n\n<h3 class=\"wp-block-heading has-text-align-center has-custom-entourage-color has-custom-fond-background-color has-text-color has-background has-link-color wp-elements-01d77876d378e9dd0653e6a770858e51\" style=\"margin-top:0;padding-top:0;padding-bottom:var(--wp--preset--spacing--10)\">Le Comit\u00e9 d&rsquo;Organisation<\/h3>\n\n\n\n<div class=\"wp-block-columns has-custom-fond-background-color has-background is-layout-flex wp-container-core-columns-is-layout-28f84493 wp-block-columns-is-layout-flex\">\n<div class=\"wp-block-column is-layout-flow wp-container-core-column-is-layout-bf43075d wp-block-column-is-layout-flow\" style=\"padding-right:var(--wp--preset--spacing--10);padding-left:var(--wp--preset--spacing--10)\">\n\n\n<p class=\"has-text-align-center has-custom-entourage-color has-text-color has-link-color has-small-font-size wp-elements-d9b09a3a2601c94c07f9e48de88e4e68\"><strong>M\u00e9lanie Lefeuvre<\/strong><br>Pr\u00e9sidente<br>Charg\u00e9e du projet<\/p>\n<\/div>\n\n\n\n<div class=\"wp-block-column is-layout-flow wp-container-core-column-is-layout-bf43075d wp-block-column-is-layout-flow\" style=\"padding-right:var(--wp--preset--spacing--10);padding-left:var(--wp--preset--spacing--10)\">\n\n\n<p class=\"has-text-align-center has-custom-entourage-color has-text-color has-link-color has-small-font-size wp-elements-f2c06a76d9dd9a81f975e6e0f2c271f5\"><strong>Beno\u00eet Fraboulet<\/strong><br>Tr\u00e9sorier<br>Vie locale<\/p>\n<\/div>\n\n\n\n<div class=\"wp-block-column is-layout-flow wp-container-core-column-is-layout-bf43075d wp-block-column-is-layout-flow\" style=\"padding-right:var(--wp--preset--spacing--10);padding-left:var(--wp--preset--spacing--10)\">\n\n\n<p class=\"has-text-align-center has-custom-entourage-color has-text-color has-link-color has-small-font-size wp-elements-9a132c8f2574758be4639038375429d0\"><strong>Nicolas Praud<\/strong><br>Secr\u00e9taire<br>M\u00e9c\u00e9nat<\/p>\n<\/div>\n\n\n\n<div class=\"wp-block-column is-layout-flow wp-container-core-column-is-layout-bf43075d wp-block-column-is-layout-flow\" style=\"padding-right:var(--wp--preset--spacing--10);padding-left:var(--wp--preset--spacing--10)\">\n\n\n<p class=\"has-text-align-center has-custom-entourage-color has-text-color has-link-color has-small-font-size wp-elements-bdbe89dd30e39636238a09adf7d67d01\"><strong>Alexandre Bouhier<\/strong><br>Vice-pr\u00e9sident<br>Technique &amp; s\u00e9curit\u00e9<\/p>\n<\/div>\n<\/div>\n\n\n\n<div class=\"wp-block-columns has-custom-fond-background-color has-background is-layout-flex wp-container-core-columns-is-layout-123a282d wp-block-columns-is-layout-flex\" style=\"padding-bottom:var(--wp--preset--spacing--40)\">\n<div class=\"wp-block-column is-layout-flow wp-container-core-column-is-layout-bf43075d wp-block-column-is-layout-flow\" style=\"padding-right:var(--wp--preset--spacing--10);padding-left:var(--wp--preset--spacing--10)\">\n\n\n<p class=\"has-text-align-center has-custom-entourage-color has-text-color has-link-color has-small-font-size wp-elements-58ec5faab5864c9cc1f18c69fb5b3691\"><strong>R\u00e9mi Barbotin<\/strong><br>Responsable artistique &amp; DJ<\/p>\n<\/div>\n\n\n\n<div class=\"wp-block-column is-layout-flow wp-container-core-column-is-layout-bf43075d wp-block-column-is-layout-flow\" style=\"padding-right:var(--wp--preset--spacing--10);padding-left:var(--wp--preset--spacing--10)\">\n\n\n<p class=\"has-text-align-center has-custom-entourage-color has-text-color has-link-color has-small-font-size wp-elements-2b1f94f66d70f5f94d2f59d09a10628b\"><strong>C\u00e9leste Ramby<\/strong><br>Responsable communication &amp; identit\u00e9 graphique<\/p>\n<\/div>\n\n\n\n<div class=\"wp-block-column is-layout-flow wp-container-core-column-is-layout-bf43075d wp-block-column-is-layout-flow\" style=\"padding-right:var(--wp--preset--spacing--10);padding-left:var(--wp--preset--spacing--10)\">\n\n\n<p class=\"has-text-align-center has-custom-entourage-color has-text-color has-link-color has-small-font-size wp-elements-d160e6533bee6e7485ef091e33c83d54\"><strong>Thierry Debande<\/strong><br>Responsable bar &amp; restauration<\/p>\n<\/div>\n\n\n\n<div class=\"wp-block-column is-layout-flow wp-container-core-column-is-layout-bf43075d wp-block-column-is-layout-flow\" style=\"padding-right:var(--wp--preset--spacing--10);padding-left:var(--wp--preset--spacing--10)\">\n\n\n<p class=\"has-text-align-center has-custom-entourage-color has-text-color has-link-color has-small-font-size wp-elements-26a95b1a374900e33340a607c62908c2\"><strong>Maxime Gauvin<\/strong><br>Technicien<\/p>\n<\/div>\n<\/div>\n\n\n\n<h3 class=\"wp-block-heading has-text-align-center has-custom-entourage-color has-custom-fond-background-color has-text-color has-background has-link-color wp-elements-159401181f1003f9e6d2896f1983bd3f\" style=\"margin-top:0;padding-top:var(--wp--preset--spacing--20);padding-bottom:var(--wp--preset--spacing--10)\">Les C\u0153urs Battants du Festival<\/h3>\n\n\n\n<div class=\"wp-block-columns alignfull has-custom-fond-background-color has-background is-layout-flex wp-container-core-columns-is-layout-e79a657b wp-block-columns-is-layout-flex\" style=\"padding-top:0\">\n<div class=\"wp-block-column is-vertically-aligned-center has-custom-fond-background-color has-background is-layout-flow wp-block-column-is-layout-flow\" style=\"padding-top:var(--wp--preset--spacing--10);padding-right:var(--wp--preset--spacing--10);padding-bottom:var(--wp--preset--spacing--10);padding-left:var(--wp--preset--spacing--10);flex-basis:50%\">\n<figure class=\"wp-block-image size-full\"><img loading=\"lazy\" decoding=\"async\" width=\"2560\" height=\"1643\" src=\"https:\/\/festivaldumenhir.fr\/wp-content\/uploads\/2025\/12\/IMG_6012-scaled.png\" alt=\"\" class=\"wp-image-337\" srcset=\"https:\/\/festivaldumenhir.fr\/wp-content\/uploads\/2025\/12\/IMG_6012-scaled.png 2560w, https:\/\/festivaldumenhir.fr\/wp-content\/uploads\/2025\/12\/IMG_6012-300x193.png 300w, https:\/\/festivaldumenhir.fr\/wp-content\/uploads\/2025\/12\/IMG_6012-1024x657.png 1024w, https:\/\/festivaldumenhir.fr\/wp-content\/uploads\/2025\/12\/IMG_6012-768x493.png 768w, https:\/\/festivaldumenhir.fr\/wp-content\/uploads\/2025\/12\/IMG_6012-1536x986.png 1536w, https:\/\/festivaldumenhir.fr\/wp-content\/uploads\/2025\/12\/IMG_6012-2048x1314.png 2048w\" sizes=\"auto, (max-width: 2560px) 100vw, 2560px\" \/><\/figure>\n<\/div>\n\n\n\n<div class=\"wp-block-column is-vertically-aligned-center has-custom-fond-background-color has-background is-layout-flow wp-block-column-is-layout-flow\" style=\"padding-top:var(--wp--preset--spacing--10);padding-right:var(--wp--preset--spacing--10);padding-bottom:var(--wp--preset--spacing--10);padding-left:var(--wp--preset--spacing--10);flex-basis:50%\">\n<p class=\"has-text-align-center has-custom-entourage-color has-text-color has-link-color wp-elements-d09e00449140080d90e680a375f813c5\" style=\"margin-top:0;margin-right:0;margin-bottom:0;margin-left:0;padding-top:0;padding-right:0;padding-bottom:0;padding-left:0\">Chaque ann\u00e9e, plus d&rsquo;une centaine de b\u00e9n\u00e9voles rejoignent l&rsquo;aventure ! Sans leur \u00e9nergie, leur sourire et leur d\u00e9vouement, le Festival du Menhir n&rsquo;existerait pas. Ils sont notre force vive, r\u00e9partis sur tous les postes cl\u00e9s : <br>&#8211; Accueil Public &amp; Billetterie <br>&#8211; Logistique &amp; Montage\/D\u00e9montage <br>&#8211; Restauration &amp; Bar <br>&#8211; Pr\u00e9vention &amp; S\u00e9curit\u00e9 <br>&#8211; Catering<\/p>\n<\/div>\n<\/div>\n\n\n\n<div class=\"wp-block-buttons has-custom-fond-background-color has-background is-content-justification-center is-layout-flex wp-container-core-buttons-is-layout-8866db6c wp-block-buttons-is-layout-flex\" style=\"margin-bottom:0;padding-bottom:var(--wp--preset--spacing--50)\">\n<div class=\"wp-block-button\"><a class=\"wp-block-button__link has-custom-fond-color has-custom-entourage-background-color has-text-color has-background has-link-color wp-element-button\" href=\"https:\/\/docs.google.com\/forms\/d\/e\/1FAIpQLSfCRru-vouM7d2Imzy14PrjgucQXKioNfO27dgQA_OsNXXW9Q\/viewform?usp=publish-editor\" style=\"padding-top:var(--wp--preset--spacing--10);padding-bottom:var(--wp--preset--spacing--10)\">Envie de rejoindre l&rsquo;\u00e9quipe b\u00e9n\u00e9vole ?<\/a><\/div>\n<\/div>\n\n\n\n<div class=\"wp-block-group is-layout-grid wp-container-core-group-is-layout-0d7989b9 wp-block-group-is-layout-grid\" style=\"padding-top:var(--wp--preset--spacing--10);padding-right:0;padding-bottom:var(--wp--preset--spacing--30);padding-left:var(--wp--preset--spacing--10)\">\n<div class=\"wp-block-group has-global-padding is-content-justification-right is-layout-constrained wp-container-core-group-is-layout-f1f2ed93 wp-block-group-is-layout-constrained\"><div class=\"aligncenter wp-block-site-logo wp-container-content-69bc4bdf\"><a href=\"https:\/\/festivaldumenhir.fr\/\" class=\"custom-logo-link\" rel=\"home\"><img loading=\"lazy\" decoding=\"async\" width=\"104\" height=\"89\" src=\"https:\/\/festivaldumenhir.fr\/wp-content\/uploads\/2025\/11\/IMG-20251115-WA0004-removebg-preview.png\" class=\"custom-logo\" alt=\"Festival du Menhir\" srcset=\"https:\/\/festivaldumenhir.fr\/wp-content\/uploads\/2025\/11\/IMG-20251115-WA0004-removebg-preview.png 500w, https:\/\/festivaldumenhir.fr\/wp-content\/uploads\/2025\/11\/IMG-20251115-WA0004-removebg-preview-300x259.png 300w\" sizes=\"auto, (max-width: 104px) 100vw, 104px\" \/><\/a><\/div><\/div>\n\n\n\n<p class=\"has-text-align-center has-small-font-size\" style=\"padding-top:var(--wp--preset--spacing--20);padding-right:0;padding-bottom:0;padding-left:var(--wp--preset--spacing--30)\">Festival du Menhir <br>44110 Saint-Aubin-des-Ch\u00e2teaux<\/p>\n\n\n\n<p class=\"has-text-align-center has-small-font-size wp-container-content-50b6c326\" style=\"margin-top:var(--wp--preset--spacing--20);margin-right:var(--wp--preset--spacing--30);margin-left:var(--wp--preset--spacing--30)\"><a href=\"https:\/\/festivaldumenhir.fr\/index.php\/2025\/12\/03\/mentions-legales\/\" data-type=\"post\" data-id=\"208\">Mentions l\u00e9gales <\/a><br><a href=\"https:\/\/festivaldumenhir.fr\/index.php\/2025\/12\/03\/cgv\/\" data-type=\"post\" data-id=\"227\">CGV<\/a><\/p>\n\n\n\n<div class=\"wp-block-columns are-vertically-aligned-center is-not-stacked-on-mobile wp-container-content-7fd912ad is-layout-flex wp-container-core-columns-is-layout-28f84493 wp-block-columns-is-layout-flex\">\n<div class=\"wp-block-column is-vertically-aligned-center is-layout-flow wp-block-column-is-layout-flow\">\n<figure class=\"wp-block-image aligncenter size-large is-resized\"><a href=\"https:\/\/www.instagram.com\/festivaldumenhir\/\"><img loading=\"lazy\" decoding=\"async\" width=\"1024\" height=\"768\" src=\"http:\/\/festivaldumenhir.fr\/wp-content\/uploads\/2025\/11\/Instagram-logo-roundet-jedesf-1024x768.png\" alt=\"\" class=\"wp-image-19\" style=\"aspect-ratio:1;object-fit:cover;width:40px\" srcset=\"https:\/\/festivaldumenhir.fr\/wp-content\/uploads\/2025\/11\/Instagram-logo-roundet-jedesf-1024x768.png 1024w, https:\/\/festivaldumenhir.fr\/wp-content\/uploads\/2025\/11\/Instagram-logo-roundet-jedesf-300x225.png 300w, https:\/\/festivaldumenhir.fr\/wp-content\/uploads\/2025\/11\/Instagram-logo-roundet-jedesf-768x576.png 768w, https:\/\/festivaldumenhir.fr\/wp-content\/uploads\/2025\/11\/Instagram-logo-roundet-jedesf-1536x1152.png 1536w, https:\/\/festivaldumenhir.fr\/wp-content\/uploads\/2025\/11\/Instagram-logo-roundet-jedesf.png 1600w\" sizes=\"auto, (max-width: 1024px) 100vw, 1024px\" \/><\/a><\/figure>\n<\/div>\n\n\n\n<div class=\"wp-block-column is-vertically-aligned-center is-layout-flow wp-block-column-is-layout-flow\" style=\"padding-top:0;padding-right:0;padding-bottom:0;padding-left:0\">\n<figure class=\"wp-block-image aligncenter size-large is-resized\" style=\"margin-top:0;margin-right:0;margin-bottom:0\"><a href=\"https:\/\/www.facebook.com\/profile.php?id=61585001060938\"><img loading=\"lazy\" decoding=\"async\" width=\"1024\" height=\"1024\" src=\"http:\/\/festivaldumenhir.fr\/wp-content\/uploads\/2025\/11\/facebook-logo-1024x1024.png\" alt=\"\" class=\"wp-image-280\" style=\"aspect-ratio:1;object-fit:cover;width:40px\" srcset=\"https:\/\/festivaldumenhir.fr\/wp-content\/uploads\/2025\/11\/facebook-logo-1024x1024.png 1024w, https:\/\/festivaldumenhir.fr\/wp-content\/uploads\/2025\/11\/facebook-logo-300x300.png 300w, https:\/\/festivaldumenhir.fr\/wp-content\/uploads\/2025\/11\/facebook-logo-150x150.png 150w, https:\/\/festivaldumenhir.fr\/wp-content\/uploads\/2025\/11\/facebook-logo-768x768.png 768w, https:\/\/festivaldumenhir.fr\/wp-content\/uploads\/2025\/11\/facebook-logo-1536x1536.png 1536w, https:\/\/festivaldumenhir.fr\/wp-content\/uploads\/2025\/11\/facebook-logo.png 2000w\" sizes=\"auto, (max-width: 1024px) 100vw, 1024px\" \/><\/a><\/figure>\n<\/div>\n\n\n\n<div class=\"wp-block-column is-vertically-aligned-center is-layout-flow wp-block-column-is-layout-flow\">\n<figure class=\"wp-block-image aligncenter size-large is-resized\"><a href=\"https:\/\/www.tiktok.com\/@festival.du.menhi\"><img loading=\"lazy\" decoding=\"async\" width=\"1024\" height=\"1024\" src=\"http:\/\/festivaldumenhir.fr\/wp-content\/uploads\/2026\/03\/8e41c3c7e067bf63c317ba7b0d6ce441-1024x1024.png\" alt=\"\" class=\"wp-image-434\" style=\"width:40px\" srcset=\"https:\/\/festivaldumenhir.fr\/wp-content\/uploads\/2026\/03\/8e41c3c7e067bf63c317ba7b0d6ce441-1024x1024.png 1024w, https:\/\/festivaldumenhir.fr\/wp-content\/uploads\/2026\/03\/8e41c3c7e067bf63c317ba7b0d6ce441-300x300.png 300w, https:\/\/festivaldumenhir.fr\/wp-content\/uploads\/2026\/03\/8e41c3c7e067bf63c317ba7b0d6ce441-150x150.png 150w, https:\/\/festivaldumenhir.fr\/wp-content\/uploads\/2026\/03\/8e41c3c7e067bf63c317ba7b0d6ce441-768x768.png 768w, https:\/\/festivaldumenhir.fr\/wp-content\/uploads\/2026\/03\/8e41c3c7e067bf63c317ba7b0d6ce441.png 1080w\" sizes=\"auto, (max-width: 1024px) 100vw, 1024px\" \/><\/a><\/figure>\n<\/div>\n\n\n\n<div class=\"wp-block-column is-layout-flow wp-block-column-is-layout-flow\" style=\"padding-top:var(--wp--preset--spacing--30);padding-bottom:var(--wp--preset--spacing--30)\">\n<figure class=\"wp-block-image size-large is-resized\"><a href=\"https:\/\/www.linkedin.com\/company\/festival-du-menhir\/\"><img loading=\"lazy\" decoding=\"async\" width=\"1024\" height=\"1024\" src=\"http:\/\/festivaldumenhir.fr\/wp-content\/uploads\/2025\/11\/linkedIn_PNG27-1024x1024.png\" alt=\"\" class=\"wp-image-277\" style=\"width:40px\" srcset=\"https:\/\/festivaldumenhir.fr\/wp-content\/uploads\/2025\/11\/linkedIn_PNG27-1024x1024.png 1024w, https:\/\/festivaldumenhir.fr\/wp-content\/uploads\/2025\/11\/linkedIn_PNG27-300x300.png 300w, https:\/\/festivaldumenhir.fr\/wp-content\/uploads\/2025\/11\/linkedIn_PNG27-150x150.png 150w, https:\/\/festivaldumenhir.fr\/wp-content\/uploads\/2025\/11\/linkedIn_PNG27-768x768.png 768w, https:\/\/festivaldumenhir.fr\/wp-content\/uploads\/2025\/11\/linkedIn_PNG27-1536x1536.png 1536w, https:\/\/festivaldumenhir.fr\/wp-content\/uploads\/2025\/11\/linkedIn_PNG27-2048x2048.png 2048w\" sizes=\"auto, (max-width: 1024px) 100vw, 1024px\" \/><\/a><\/figure>\n<\/div>\n<\/div>\n<\/div>\n","protected":false},"excerpt":{"rendered":"<p>L&rsquo;\u00e9quipe L&rsquo;Aventure Humaine derri\u00e8re l&rsquo;\u00c9v\u00e9nement ! Le Festival du Menhir, c&rsquo;est avant tout une histoire de passionn\u00e9s, et ce, depuis 2006 ! De la programmation \u00e0 la s\u00e9curit\u00e9, du montage au service, des dizaines de b\u00e9n\u00e9voles et de passionn\u00e9s \u0153uvrent ensemble pour faire de chaque \u00e9dition un moment inoubliable. D\u00e9couvrez ceux qui font vibrer le [&hellip;]<\/p>\n","protected":false},"author":1,"featured_media":0,"parent":109,"menu_order":0,"comment_status":"closed","ping_status":"closed","template":"page-daccueil","meta":{"footnotes":""},"class_list":["post-100","page","type-page","status-publish","hentry"],"jetpack_sharing_enabled":true,"_links":{"self":[{"href":"https:\/\/festivaldumenhir.fr\/index.php\/wp-json\/wp\/v2\/pages\/100","targetHints":{"allow":["GET"]}}],"collection":[{"href":"https:\/\/festivaldumenhir.fr\/index.php\/wp-json\/wp\/v2\/pages"}],"about":[{"href":"https:\/\/festivaldumenhir.fr\/index.php\/wp-json\/wp\/v2\/types\/page"}],"author":[{"embeddable":true,"href":"https:\/\/festivaldumenhir.fr\/index.php\/wp-json\/wp\/v2\/users\/1"}],"replies":[{"embeddable":true,"href":"https:\/\/festivaldumenhir.fr\/index.php\/wp-json\/wp\/v2\/comments?post=100"}],"version-history":[{"count":27,"href":"https:\/\/festivaldumenhir.fr\/index.php\/wp-json\/wp\/v2\/pages\/100\/revisions"}],"predecessor-version":[{"id":558,"href":"https:\/\/festivaldumenhir.fr\/index.php\/wp-json\/wp\/v2\/pages\/100\/revisions\/558"}],"up":[{"embeddable":true,"href":"https:\/\/festivaldumenhir.fr\/index.php\/wp-json\/wp\/v2\/pages\/109"}],"wp:attachment":[{"href":"https:\/\/festivaldumenhir.fr\/index.php\/wp-json\/wp\/v2\/media?parent=100"}],"curies":[{"name":"wp","href":"https:\/\/api.w.org\/{rel}","templated":true}]}}